 r(6). Suppose o = -m - 7, -2*o + 4*o + 4*m + l = 0. Let v(h) = -2*h**3 - h**2 + 3*h + 2. Determine v(o).
8
Let q be 3*((-20)/(-15) + -4). Let g(v) = 2*v**2 - 10*v + 7. Let a(s) = s**2 - 9*s + 6. Let l(b) = -3*a(b) + 2*g(b). Give l(q).
4
Let w(p) = p**3 + p**2 - 2*p. Let z(i) = -i**3 - i**2 + i + 82. Let m be z(0). Let s = m - 62. Suppose -26*y + s*y - 12 = 0. Calculate w(y).
0
Let p(c) = c**3 + 3*c**2 - 9*c + 5. Suppose 0 = -4*x - 230 + 250. Suppose -89 + 120 = -5*q - 3*z, 2*q = -x*z - 20. Calculate p(q).
0
Let z = -13 + 13. Let r be 24/((-3)/(-12)*(4 + 0)). Suppose 4*n + z = -r. Let q(a) = a**2 + 8*a - 2. Calculate q(n).
-14
Let q(g) = -2*g + 3. Let n(x) = 42*x - 74. Let t(j) = n(j) + 20*q(j). Determine t(2).
-10
Let r(v) = v**3 + 11*v**2 - 7*v + 26. Let o(q) = -23*q**2 - 525*q + 80. Let p be o(-23). Give r(p).
-34
Let c be 2*2/(-4 - 180/(-42)). Suppose 40 = -c*t - 2. Let l(n) = -n**3 - 3*n**2 + n + 1. Give l(t).
-2
Let p(d) be the first derivative of -1/2*d**2 - 19*d - 19. Determine p(0).
-19
Let g(t) be the second derivative of -t**4/12 + t**3 - t**2 + 2*t. Suppose -8 = 4*k + 95*l - 91*l, -3*k - l + 8 = 0. What is g(k)?
3
Let g(l) = 3*l**2 + 48*l - 14. Let w(i) = -5*i**2 - 84*i + 28. Let q(r) = -7*g(r) - 4*w(r). Determine q(0).
-14
Let v(s) = -s**2 + 10 - 2*s + 3 - 2 - 2. Let l = 219 - 224. What is v(l)?
-6
Let b(o) = -68*o**3 - 17 - 82*o**2 + 33*o**3 - 13*o + 36*o**3 + 69*o**2. Determine b(14).
-3
Let n(m) = -3*m - 12. Let k(b) = 4*b + 12. Let c(f) = 2*k(f) + 3*n(f). Let p(g) = -7*g**2 + 6*g + 32. Let o be p(-6). Let z = -262 - o. Determine c(z).
-6
Let j = 6 + -4. Let m(y) = 23*y**3 - 12*y**2 - 25*y. Let f(n) = -20*n**3 + 10*n**2 + 21*n. Let g(x) = -6*f(x) - 5*m(x). Calculate g(j).
38
Let b(x) = -23*x + 2*x - 11*x + 100003 - 100065. Let w(l) = -17*l - 34. Let p(v) = 6*b(v) - 11*w(v). Let y(t) = -t**2 + 2*t - 1. Let a be y(3). Calculate p(a).
22
Suppose -7*o + 849 = 177. Let y(i) = -33*i + o*i + 2 - 33*i - 29*i. Give y(6).
8
Let z(x) be the third derivative of -x**5/15 - 17*x**4/24 + x**3/2 - 22*x**2 + 31. What is z(-3)?
18
Suppose -25 = -5*k, -4*o - 154 = -8*o - 2*k. Let b(c) be the first derivative of -1/4*c**4 - o - 1/2*c**2 + 5/3*c**3 + 0*c. Determine b(4).
12
Suppose 26 - 32 = -j. Let k be (-2)/(0 - 2)*1. Let o(x) = 0 - 4*x - k + 2*x + 9. Determine o(j).
-4
Let v(y) = -19 + 23 - y**2 + 2*y + 0*y. Let n(a) = -2*a**3 + 12*a**2 - 17*a + 8. Let z be (3 - -1)*((6 - 9) + 4). Let t be n(z). Give v(t).
-4
Let o(k) = 19*k + 63 + 4*k**2 - 31 - 26 - 2*k**2 + 2*k**2. What is o(-6)?
36
Let u(k) be the second derivative of k**5/2 + 25*k**4/3 - k**3/2 - 9*k**2 - k - 3317. Determine u(-10).
12
Let u = 10 + -8. Let z(a) = a**3 - 2*a**2 - 9*a - 5. Let x(t) = -2*t**3 + 4*t**2 + 21*t + 10. Let m(r) = -4*x(r) - 9*z(r). Calculate m(u).
-1
Let q(p) = p**2 - 3*p - 7. Let o(j) = j**3 + j + 6. Let u be o(0). Suppose -30 = -u*x - 0. Suppose 0 = x*d + 4*g - 29, 3*g = d - 5*d + 23. Give q(d).
3
Let d(y) = 28*y**2 + 3*y + 5. Let a(b) = 28*b + 558. Let w be a(-20). What is d(w)?
111
Let o(a) = a**2 - 38*a + 288. Let d = -7537 + 7565. What is o(d)?
8
Let l be (1 + -6)*((-18)/10 + 3). Let d be 3/l - 117/26. Let v(n) = n**2 + 6*n + 9. What is v(d)?
4
Let p(o) = 30*o**2 - 3*o - 15. Let l(c) = 8*c**2 + c - 2. Let m(x) = 4*l(x) - p(x). Suppose -b = 4*b + 15. Determine m(b).
4
Let q(d) = -7*d**3 + 2*d - 1. Let k(s) = 3*s**3 - s**2 + s. Let z(w) = -2*k(w) - q(w). Let f be z(-3). Let a(v) = v**2 - v - 5. Give a(f).
7
Let t(l) = 29 + 9 - 800*l + 799*l + 3 - 2. Determine t(6).
33
Let r(i) = -5*i**3 + 2*i**2 - 2*i. Suppose 5*p = 3*c + 5, -4*p + 40*c = 45*c - 4. Calculate r(p).
-5
Suppose 21 = -6*t - 105. Let n be 6/t - 102/(-14). Let j(w) be the second derivative of -w**4/12 + 3*w**3/2 - 5*w**2/2 + 143*w - 2. Give j(n).
9
Let b(y) = 4*y - 9. Suppose 269 = 3*p - 793. Let j = 357 - p. Calculate b(j).
3
Let b(g) be the third derivative of g**4/24 - 5*g**3/3 - 56*g**2 + 20. Calculate b(4).
-6
Let a(p) = -p**2 + 8*p + 2. Suppose o - 7*o = 396. Let k = 37 + o. Let u = 36 + k. Determine a(u).
9
Let w(b) be the second derivative of -1/6*b**4 + 1/6*b**3 + 0*b**2 - 1/20*b**5 - 1 + 26*b. What is w(1)?
-2
Let p(g) = g**2 + g + 1. Let r(o) = -5*o**2 + o - 7. Let v(n) = -4*p(n) - r(n). Let u be 2 + 295/(-118)*16/(-10). Determine v(u).
9
Let b(n) = 9*n - 68. Let o(g) = -3*g**3 + 28*g**2 - 153*g + 1302. Let y be o(9). Determine b(y).
-14
Let s(x) be the first derivative of -2*x**2 + 3*x - 7. Suppose -2*t = -5*p + 18, 3*t = -2*t - 3*p + 48. What is s(t)?
-21
Let p(o) be the first derivative of -9*o**2 - 17*o - 1652. Calculate p(-1).
1
Let t = 18 - 16. Suppose -5*s = t*b - 45, -5*b = -2*s - 6 - 5. Let a(q) = q**2 - 6*q - 8. Give a(s).
-1
Let h be ((-4)/(-20) - (-976)/(-80)) + 9. Let o(d) = d**3 - d + 1. Determine o(h).
-23
Let z(l) = -l**2 + 5*l - 7. Let x(w) = w**3 + 12*w**2 + 20*w + 46. Let b be x(-11). Let q = b - -69. Let i be (3 - (-18)/(-8))*q/2. What is z(i)?
-13
Let x(m) be the first derivative of -m**4/4 - m**3/3 + 1. Let o = -103302 + 103300. Calculate x(o).
4
Suppose 56 + 19 = 5*g. Let k be (-1)/(10/g) - 5/(-2). Let x be 1/(3/(-3)*k). Let f(n) = -3*n**2 + 2*n + 1. Give f(x).
-4
Let x(d) = -14594*d**2 + 14593*d**2 + 5*d - 4*d + 10*d**3 + 1. What is x(2)?
79
Let h(y) be the third derivative of -y**5/60 - y**3/2 - 2037*y**2 - y. Give h(-1).
-4
Let s(c) = 12*c + 1. Let p(n) = 10*n - 3. Let z(b) = b + 2. Let u(g) = -p(g) - 2*z(g). Let i(y) = -3*s(y) - 2*u(y). Give i(1).
-13
Let y = 46340 + -46339. Let s(i) = 3*i**3 - 4*i + 4*i**3 - 2*i**2 + 5*i. What is s(y)?
6
Let t(j) = j**2 + 3*j - 1. Let o(l) = -l**2 + 4*l + 9. Let a be o(4). Let v be (4/(-3))/(a + 182/(-21)). Determine t(v).
3
Let a(n) = 68 + 0*n + 3*n - 41 - 4. Determine a(-13).
-16
Let y = -4 + 6. Suppose -4 = -t, 3*f - 4*f = -y*t + 13. Let i(d) be the second derivative of -d**5/20 - d**4/2 - d**3/2 - d**2/2 + 29828*d. Calculate i(f).
-11
Let f(j) = -j**2 + 32*j + 141. Let w(k) = -4*k**2 + 96*k + 408. Let q(z) = -7*f(z) + 2*w(z). Give q(-7).
4
Let w(n) = n**3 + 8*n**2 + 10*n - 5. Let v be w(-6). Let h(u) = 3*u**2 - 18*u + 9. Let m(a) = 5*a**2 - 34*a + 17. Let t(d) = v*h(d) - 4*m(d). Give t(-11).
6
Let o(y) = -3*y**2 + 3*y + 3. Let x be ((-252)/(-35))/(-9)*-5. Let l be 2/(-2) - 1 - (x + -3). Calculate o(l).
-33
Let m(y) = -1218*y**2 - y**3 - 1201*y**2 + 2413*y**2 - 8 - 6*y. Let l(h) = h**3 - 7*h**2 - 5. Let c be l(7). Determine m(c).
-3
Suppose -2*o = 0, -4*n - 13 = -2*o + 7. Let v(f) = 0*f + f - f - f**2 - 67644 + 67649 + f + 4*f. Determine v(n).
-45
Let p(r) be the first derivative of r**3/3 + 7*r**2/2 - 19*r - 17. Suppose -c - 16 = -4*z, 72 = -4*c - z + 42. Determine p(c).
-11
Let h(g) be the first derivative of -2*g**2 + 5*g - 32. Let q(a) = 13*a - 16. Let m(j) = 7*h(j) + 2*q(j). Let s be ((-12)/8)/(1/2). Calculate m(s).
9
Let v(w) be the first derivative of w**6/360 + w**5/12 + w**4/6 + 5*w**3 + 24. Let i(q) be the third derivative of v(q). Calculate i(-10).
4
Suppose 49 - 53 = 8*m - 20. Let h(g) be the first derivative of -g**m - 1/3*g**3 - 7 - 2*g. Give h(-3).
-5
Let q(z) be the third derivative of 11*z**4/24 + 2*z**3/3 - 3501*z**2. What is q(1)?
15
Let l(v) = -15*v**2 - 16*v + 23. Let q(r) = 6*r**2 - 10*r + 10. Let h be q(1). Let p(j) = -7*j**2 - 7*j + 11. Let b(z) = h*l(z) - 13*p(z). Calculate b(7).
9
Suppose 0 = -16*y - 0 + 32. Let q(g) = -y*g**2 + 1 - 8*g + 21 - 27. What is q(-6)?
-29
Suppose -l - 19 = v - 17, l = -5*v - 10. Let x(c) = -c + 1. Let p(y) = 6*y**3 - 3*y**2 + 4*y - 2. Let o(f) = v*x(f) - p(f). Give o(2).
-40
Suppose 60*z + 16*z = 152. Let i(r) = -4*r**2 + 6*r + 1. Determine i(z).
-3
Let g = 1158 - 1158. Let p(l) = -l**2 - 11. Calculate p(g).
-11
Let y(q) be the second derivative of -34*q - 1/3*q**3 + 0 - 25/2*q**2 - 1/24*q**4. Let l(u) be the first derivative of y(u). Give l(-2).
0
Let m(i) be the first derivative of -4*i**3/3 + 3*i**2/2 + 3. Let j be 2574/(-12) - 4/(-8). Let g = j - -216. Give m(g).
-10
Let p(l) = 5*l - l**2 - l + 43987 - 22031 + 0*l - 21986. What is p(9)?
-75
Suppose 3*c + 2*g - 8 = 0, 0 = 2*c - 4*c + 5*g - 1. Let q(z) = -27*z + 82. Let l(u) = 91*u - 275. Let y(k) = -3*l(k) - 10*q(k). Determine y(c).
-1
Let n(i) be the third derivative of i**6/360 + i**5/20 + 5*i**4/24 - 2*i**3 + 146*